{"id":355,"date":"2019-02-20T16:02:07","date_gmt":"2019-02-20T15:02:07","guid":{"rendered":"https:\/\/leibundseele-weinstadt.de\/?page_id=355"},"modified":"2020-05-15T11:34:24","modified_gmt":"2020-05-15T09:34:24","slug":"wegbeschreibung","status":"publish","type":"page","link":"https:\/\/leibundseele-weinstadt.de\/index.php\/wegbeschreibung\/","title":{"rendered":"Wegbeschreibung"},"content":{"rendered":"\n<div class=\"wp-block-group\"><div class=\"wp-block-group__inner-container is-layout-flow wp-block-group-is-layout-flow\">\n<p>Das Wengerth\u00e4usle befindet sich in den Weinbergen zwischen Grossheppach und Gundelsbach.<\/p>\n\n\n\n<p>Parkpl\u00e4tze finden Sie an der Prinz Eugen Halle in Grossheppach. <br>Von dort ist es ein kurzer Fu\u00dfmarsch zum H\u00e4usle!<\/p>\n\n\n<div id=\"lmm_9c350637\" style=\"width:800px;\" class=\"mapsmarker markermap marker-1\">\n<div id=\"lmm_panel_9c350637\" class=\"lmm-panel\" style=\"background:#efefef;\">\n<div id=\"lmm_panel_api_9c350637\" class=\"lmm-panel-api\"><a href=\"https:\/\/maps.google.com\/maps?daddr=48.82366%2C+9.39511&amp;t=m&amp;layer=1&amp;doflg=ptk&amp;om=0\" target=\"_blank\" title=\"Wegbeschreibung berechnen\"><img loading=\"lazy\" decoding=\"async\" alt=\"icon-car.png\" src=\"https:\/\/leibundseele-weinstadt.de\/wp-content\/plugins\/leaflet-maps-marker\/inc\/img\/icon-car.png\" width=\"14\" height=\"14\" class=\"lmm-panel-api-images\" \/><\/a><\/div><div id=\"lmm_panel_text_9c350637\" class=\"lmm-panel-text\" style=\"font-weight:bold;color:#373737;\">Wengerth\u00e4usle<\/div><\/div>\n<div id=\"lmm_map_9c350637\" class=\"lmm-map\" style=\"background:#f6f6f6;border:1px solid #ccc;height:600px; overflow:hidden;padding:0;\"><p style=\"font-size:80%;color:#9f9e9e;margin-left:5px;\">Karte wird geladen - bitte warten...<noscript><br\/><strong>Karte konnte nicht geladen werden - bitte aktivieren Sie Javascript!<\/strong><br\/><a style=\"text-decoration:none;\" href=\"https:\/\/www.mapsmarker.com\/js-disabled\" target=\"_blank\">&rarr; Weitere Informationen<\/a><\/noscript><\/p><\/div>\n<div id=\"lmm_geo_tags_9c350637\" class=\"lmm-geo-tags geo\">\n<span class=\"paneltext\">Wengerth\u00e4usle<\/span>\n<span class=\"latitude\">48.823649<\/span>, <span class=\"longitude\">9.395134<\/span>\n<span class=\"popuptext\">Standort - Wengerth\u00e4usle<\/span>\n<\/div>\n<\/div>\n<\/div><\/div>\n\n\n\n<p>&nbsp;<\/p>\n","protected":false},"excerpt":{"rendered":"<p>Das Wengerth\u00e4usle befindet sich in den Weinbergen zwischen Grossheppach und Gundelsbach. Parkpl\u00e4tze finden Sie an der Prinz Eugen Halle in Grossheppach. Von dort ist es ein kurzer Fu\u00dfmarsch zum H\u00e4usle! &nbsp;<\/p>\n","protected":false},"author":3,"featured_media":0,"parent":0,"menu_order":4,"comment_status":"closed","ping_status":"closed","template":"","meta":{"footnotes":""},"class_list":["post-355","page","type-page","status-publish","hentry"],"_links":{"self":[{"href":"https:\/\/leibundseele-weinstadt.de\/index.php\/wp-json\/wp\/v2\/pages\/355","targetHints":{"allow":["GET"]}}],"collection":[{"href":"https:\/\/leibundseele-weinstadt.de\/index.php\/wp-json\/wp\/v2\/pages"}],"about":[{"href":"https:\/\/leibundseele-weinstadt.de\/index.php\/wp-json\/wp\/v2\/types\/page"}],"author":[{"embeddable":true,"href":"https:\/\/leibundseele-weinstadt.de\/index.php\/wp-json\/wp\/v2\/users\/3"}],"replies":[{"embeddable":true,"href":"https:\/\/leibundseele-weinstadt.de\/index.php\/wp-json\/wp\/v2\/comments?post=355"}],"version-history":[{"count":6,"href":"https:\/\/leibundseele-weinstadt.de\/index.php\/wp-json\/wp\/v2\/pages\/355\/revisions"}],"predecessor-version":[{"id":453,"href":"https:\/\/leibundseele-weinstadt.de\/index.php\/wp-json\/wp\/v2\/pages\/355\/revisions\/453"}],"wp:attachment":[{"href":"https:\/\/leibundseele-weinstadt.de\/index.php\/wp-json\/wp\/v2\/media?parent=355"}],"curies":[{"name":"wp","href":"https:\/\/api.w.org\/{rel}","templated":true}]}}